{"id":203,"date":"2019-04-16T21:37:05","date_gmt":"2019-04-16T19:37:05","guid":{"rendered":"http:\/\/poradniaplock2.pl\/?page_id=203"},"modified":"2021-04-06T19:31:13","modified_gmt":"2021-04-06T17:31:13","slug":"projekt-niebieski","status":"publish","type":"page","link":"https:\/\/poradniaplock2.pl\/?page_id=203","title":{"rendered":"Projekt &#8222;Niebieski&#8221;"},"content":{"rendered":"\n<p><strong>Projekt NIEBIESKI<\/strong>\u00a0zawiera w sobie oddzia\u0142ywania edukacyjno \u2013 profilaktyczne prowadzone przez p\u0142ockie s\u0142u\u017cby publiczne (Komenda Miejska Policji, Stra\u017c Miejska, Poradnia Psychologiczno \u2013 Pedagogiczna nr 2, Miejski Zesp\u00f3\u0142 Interdyscyplinarny ds. Przeciwdzia\u0142ania Przemocy ) na rzecz poprawy \u015bwiadomo\u015bci obywateli miasta P\u0142ocka dotycz\u0105cej rozpoznawania rodzaj\u00f3w i radzenia sobie z przemoc\u0105 w tym w rodzinie. Koordynatork\u0105 projektu jest Pani <strong>Sylwia Urba\u0144ska<\/strong> p.o. dyrektora Poradni Psychologiczno \u2013 Pedagogicznej nr 2 w P\u0142ocku.\u00a0<\/p>\n\n\n\n<p><strong>Dzia\u0142ania w ramach projektu NIEBIESKI :<\/strong><\/p>\n\n\n\n<p>1. Prowadzenie zaj\u0119\u0107 edukacyjnych w klasach trzecich szk\u00f3\u0142 podstawowych \u201eTarcza przed przemoc\u0105\u201d<br>2. Prowadzenie zaj\u0119\u0107 edukacyjnych w klasach pi\u0105tych szk\u00f3\u0142&nbsp;podstawowych \u201eFair play\u201d<br>3. Prowadzenie zaj\u0119\u0107 edukacyjnych w gimnazjum \u201eNIE dla przemocy\u201d<br>4. Wraz z pracownikami prowadz\u0105cymi zaj\u0119cia z dzie\u0107mi uczestnicz\u0105&nbsp;Policjanci<br>5. Szkolenia dla nauczycieli&nbsp;<br>6. Akcja Lato z Niebieskim Stra\u017c Miejska&nbsp;<br>7. Informatory dla dzieci<br>8. Zebrania dla rodzic\u00f3w prowadzone przez pracownice poradni i&nbsp;pracownik\u00f3w s\u0142u\u017cb mundurowych<\/p>\n\n\n\n<p>&nbsp;&nbsp;Projekt ci\u0105gle si\u0119 rozwija. Na bazie dotychczasowych do\u015bwiadcze\u0144 powstaj\u0105 nowe pomys\u0142y.<\/p>\n","protected":false},"excerpt":{"rendered":"<p>Projekt NIEBIESKI\u00a0zawiera w sobie oddzia\u0142ywania edukacyjno \u2013 profilaktyczne prowadzone przez p\u0142ockie s\u0142u\u017cby publiczne (Komenda Miejska Policji, Stra\u017c Miejska, Poradnia Psychologiczno \u2013 Pedagogiczna nr 2, Miejski Zesp\u00f3\u0142 Interdyscyplinarny ds. Przeciwdzia\u0142ania Przemocy ) na rzecz poprawy \u015bwiadomo\u015bci obywateli miasta P\u0142ocka dotycz\u0105cej rozpoznawania rodzaj\u00f3w i radzenia sobie z przemoc\u0105 w tym w rodzinie. [&hellip;]<\/p>\n","protected":false},"author":1,"featured_media":0,"parent":0,"menu_order":0,"comment_status":"closed","ping_status":"closed","template":"page-templates\/template-fullwidth.php","meta":{"_monsterinsights_skip_tracking":false,"_monsterinsights_sitenote_active":false,"_monsterinsights_sitenote_note":"","_monsterinsights_sitenote_category":0,"_themeisle_gutenberg_block_has_review":false,"footnotes":""},"class_list":["post-203","page","type-page","status-publish","hentry"],"_links":{"self":[{"href":"https:\/\/poradniaplock2.pl\/index.php?rest_route=\/wp\/v2\/pages\/203","targetHints":{"allow":["GET"]}}],"collection":[{"href":"https:\/\/poradniaplock2.pl\/index.php?rest_route=\/wp\/v2\/pages"}],"about":[{"href":"https:\/\/poradniaplock2.pl\/index.php?rest_route=\/wp\/v2\/types\/page"}],"author":[{"embeddable":true,"href":"https:\/\/poradniaplock2.pl\/index.php?rest_route=\/wp\/v2\/users\/1"}],"replies":[{"embeddable":true,"href":"https:\/\/poradniaplock2.pl\/index.php?rest_route=%2Fwp%2Fv2%2Fcomments&post=203"}],"version-history":[{"count":5,"href":"https:\/\/poradniaplock2.pl\/index.php?rest_route=\/wp\/v2\/pages\/203\/revisions"}],"predecessor-version":[{"id":1279,"href":"https:\/\/poradniaplock2.pl\/index.php?rest_route=\/wp\/v2\/pages\/203\/revisions\/1279"}],"wp:attachment":[{"href":"https:\/\/poradniaplock2.pl\/index.php?rest_route=%2Fwp%2Fv2%2Fmedia&parent=203"}],"curies":[{"name":"wp","href":"https:\/\/api.w.org\/{rel}","templated":true}]}}

<p><strong>Projekt NIEBIESKI</strong> zawiera w sobie oddziaływania edukacyjno – profilaktyczne prowadzone przez płockie służby publiczne (Komenda Miejska Policji, Straż Miejska, Poradnia Psychologiczno – Pedagogiczna nr 2, Miejski Zespół Interdyscyplinarny ds. Przeciwdziałania Przemocy ) na rzecz poprawy świadomości obywateli miasta Płocka dotyczącej rozpoznawania rodzajów i radzenia sobie z przemocą w tym w rodzinie. Koordynatorką projektu jest Pani <strong>Sylwia Urbańska</strong> p.o. dyrektora Poradni Psychologiczno – Pedagogicznej nr 2 w Płocku. </p>



<p><strong>Działania w ramach projektu NIEBIESKI :</strong></p>



<p>1. Prowadzenie zajęć edukacyjnych w klasach trzecich szkół podstawowych „Tarcza przed przemocą”<br>2. Prowadzenie zajęć edukacyjnych w klasach piątych szkół&nbsp;podstawowych „Fair play”<br>3. Prowadzenie zajęć edukacyjnych w gimnazjum „NIE dla przemocy”<br>4. Wraz z pracownikami prowadzącymi zajęcia z dziećmi uczestniczą&nbsp;Policjanci<br>5. Szkolenia dla nauczycieli&nbsp;<br>6. Akcja Lato z Niebieskim Straż Miejska&nbsp;<br>7. Informatory dla dzieci<br>8. Zebrania dla rodziców prowadzone przez pracownice poradni i&nbsp;pracowników służb mundurowych</p>



<p>&nbsp;&nbsp;Projekt ciągle się rozwija. Na bazie dotychczasowych doświadczeń powstają nowe pomysły.</p>

<p>Projekt NIEBIESKI zawiera w sobie oddziaływania edukacyjno – profilaktyczne prowadzone przez płockie służby publiczne (Komenda Miejska Policji, Straż Miejska, Poradnia Psychologiczno – Pedagogiczna nr 2, Miejski Zespół Interdyscyplinarny ds. Przeciwdziałania Przemocy ) na rzecz poprawy świadomości obywateli miasta Płocka dotyczącej rozpoznawania rodzajów i radzenia sobie z przemocą w tym w rodzinie. [&hellip;]</p>
