{"id":61,"date":"2019-04-16T18:07:00","date_gmt":"2019-04-16T16:07:00","guid":{"rendered":"http:\/\/poradniaplock2.pl\/?page_id=61"},"modified":"2019-04-16T21:43:42","modified_gmt":"2019-04-16T19:43:42","slug":"zadania","status":"publish","type":"page","link":"https:\/\/poradniaplock2.pl\/?page_id=61","title":{"rendered":"Zadania"},"content":{"rendered":"\n<p>Poradnia Psychologiczno-Pedagogiczna Nr 2 w P\u0142ocku dzia\u0142a zgodnie ze statutem poradni, opracowanym w oparciu&nbsp;<br>o Rozporz\u0105dzenie Ministra Edukacji Narodowej z dnia 1 lutego 2013 r. w sprawie szczeg\u00f3\u0142owych zasad dzia\u0142ania publicznych poradni psychologiczno-pedagogicznych, w tym publicznych poradni specjalistycznych.&nbsp;Rozporz\u0105dzenie Ministra Edukacji Narodowej z dnia 17 listopada 2010 r. zmieniaj\u0105ce rozporz\u0105dzenie w sprawie ramowego statutu publicznej poradni psychologiczno-pedagogicznej, w tym publicznej poradni specjalistycznej (Dz.U. z 2010 r. nr 228, poz. 1492).<\/p>\n\n\n\n<p>Poradnia udziela dzieciom i&nbsp;m\u0142odzie\u017cy pomocy psychologiczno-pedagogicznej oraz pomocy w&nbsp;wyborze kierunku kszta\u0142cenia i&nbsp;zawodu, a&nbsp;tak\u017ce udziela rodzicom i&nbsp;nauczycielom pomocy psychologiczno-pedagogicznej zwi\u0105zanej z&nbsp;wychowywaniem i&nbsp;kszta\u0142ceniem dzieci i&nbsp;m\u0142odzie\u017cy.<\/p>\n\n\n\n<p>Do zada\u0144 poradni nale\u017cy w&nbsp;szczeg\u00f3lno\u015bci:<\/p>\n\n\n\n<p>1.&nbsp;diagnozowanie dzieci i m\u0142odzie\u017cy;<\/p>\n\n\n\n<p>2.&nbsp; udzielanie dzieciom i m\u0142odzie\u017cy oraz rodzicom bezpo\u015bredniej pomocy psychologiczno-pedagogicznej;<\/p>\n\n\n\n<p>3. realizowanie zada\u0144 profilaktycznych oraz wspieraj\u0105cych wychowawcz\u0105 i edukacyjn\u0105 funkcj\u0119 przedszkola, szko\u0142y i&nbsp;<br>plac\u00f3wki, w tym wspieranie nauczycieli w rozwi\u0105zywaniu problem\u00f3w dydaktycznych i wychowawczych;<\/p>\n\n\n\n<p>4. organizowanie i prowadzenie wspomagania przedszkoli, szk\u00f3\u0142 i plac\u00f3wek w zakresie realizacji zada\u0144 dydaktycznych,&nbsp;<br>wychowawczych i opieku\u0144czych.<\/p>\n","protected":false},"excerpt":{"rendered":"<p>Poradnia Psychologiczno-Pedagogiczna Nr 2 w P\u0142ocku dzia\u0142a zgodnie ze statutem poradni, opracowanym w oparciu&nbsp;o Rozporz\u0105dzenie Ministra Edukacji Narodowej z dnia 1 lutego 2013 r. w sprawie szczeg\u00f3\u0142owych zasad dzia\u0142ania publicznych poradni psychologiczno-pedagogicznych, w tym publicznych poradni specjalistycznych.&nbsp;Rozporz\u0105dzenie Ministra Edukacji Narodowej z dnia 17 listopada 2010 r. zmieniaj\u0105ce rozporz\u0105dzenie w sprawie [&hellip;]<\/p>\n","protected":false},"author":1,"featured_media":0,"parent":0,"menu_order":0,"comment_status":"closed","ping_status":"closed","template":"page-templates\/template-fullwidth.php","meta":{"_monsterinsights_skip_tracking":false,"_monsterinsights_sitenote_active":false,"_monsterinsights_sitenote_note":"","_monsterinsights_sitenote_category":0,"_themeisle_gutenberg_block_has_review":false,"footnotes":""},"class_list":["post-61","page","type-page","status-publish","hentry"],"_links":{"self":[{"href":"https:\/\/poradniaplock2.pl\/index.php?rest_route=\/wp\/v2\/pages\/61","targetHints":{"allow":["GET"]}}],"collection":[{"href":"https:\/\/poradniaplock2.pl\/index.php?rest_route=\/wp\/v2\/pages"}],"about":[{"href":"https:\/\/poradniaplock2.pl\/index.php?rest_route=\/wp\/v2\/types\/page"}],"author":[{"embeddable":true,"href":"https:\/\/poradniaplock2.pl\/index.php?rest_route=\/wp\/v2\/users\/1"}],"replies":[{"embeddable":true,"href":"https:\/\/poradniaplock2.pl\/index.php?rest_route=%2Fwp%2Fv2%2Fcomments&post=61"}],"version-history":[{"count":2,"href":"https:\/\/poradniaplock2.pl\/index.php?rest_route=\/wp\/v2\/pages\/61\/revisions"}],"predecessor-version":[{"id":211,"href":"https:\/\/poradniaplock2.pl\/index.php?rest_route=\/wp\/v2\/pages\/61\/revisions\/211"}],"wp:attachment":[{"href":"https:\/\/poradniaplock2.pl\/index.php?rest_route=%2Fwp%2Fv2%2Fmedia&parent=61"}],"curies":[{"name":"wp","href":"https:\/\/api.w.org\/{rel}","templated":true}]}}

<p>Poradnia Psychologiczno-Pedagogiczna Nr 2 w Płocku działa zgodnie ze statutem poradni, opracowanym w oparciu&nbsp;<br>o Rozporządzenie Ministra Edukacji Narodowej z dnia 1 lutego 2013 r. w sprawie szczegółowych zasad działania publicznych poradni psychologiczno-pedagogicznych, w tym publicznych poradni specjalistycznych.&nbsp;Rozporządzenie Ministra Edukacji Narodowej z dnia 17 listopada 2010 r. zmieniające rozporządzenie w sprawie ramowego statutu publicznej poradni psychologiczno-pedagogicznej, w tym publicznej poradni specjalistycznej (Dz.U. z 2010 r. nr 228, poz. 1492).</p>



<p>Poradnia udziela dzieciom i&nbsp;młodzieży pomocy psychologiczno-pedagogicznej oraz pomocy w&nbsp;wyborze kierunku kształcenia i&nbsp;zawodu, a&nbsp;także udziela rodzicom i&nbsp;nauczycielom pomocy psychologiczno-pedagogicznej związanej z&nbsp;wychowywaniem i&nbsp;kształceniem dzieci i&nbsp;młodzieży.</p>



<p>Do zadań poradni należy w&nbsp;szczególności:</p>



<p>1.&nbsp;diagnozowanie dzieci i młodzieży;</p>



<p>2.&nbsp; udzielanie dzieciom i młodzieży oraz rodzicom bezpośredniej pomocy psychologiczno-pedagogicznej;</p>



<p>3. realizowanie zadań profilaktycznych oraz wspierających wychowawczą i edukacyjną funkcję przedszkola, szkoły i&nbsp;<br>placówki, w tym wspieranie nauczycieli w rozwiązywaniu problemów dydaktycznych i wychowawczych;</p>



<p>4. organizowanie i prowadzenie wspomagania przedszkoli, szkół i placówek w zakresie realizacji zadań dydaktycznych,&nbsp;<br>wychowawczych i opiekuńczych.</p>

<p>Poradnia Psychologiczno-Pedagogiczna Nr 2 w Płocku działa zgodnie ze statutem poradni, opracowanym w oparciu&nbsp;o Rozporządzenie Ministra Edukacji Narodowej z dnia 1 lutego 2013 r. w sprawie szczegółowych zasad działania publicznych poradni psychologiczno-pedagogicznych, w tym publicznych poradni specjalistycznych.&nbsp;Rozporządzenie Ministra Edukacji Narodowej z dnia 17 listopada 2010 r. zmieniające rozporządzenie w sprawie [&hellip;]</p>
