{"id":660,"date":"2020-03-19T13:55:49","date_gmt":"2020-03-19T12:55:49","guid":{"rendered":"http:\/\/poradniaplock2.pl\/?page_id=660"},"modified":"2020-09-08T23:04:26","modified_gmt":"2020-09-08T21:04:26","slug":"polecane-artykuly","status":"publish","type":"page","link":"https:\/\/poradniaplock2.pl\/?page_id=660","title":{"rendered":"Polecane artyku\u0142y"},"content":{"rendered":"\n<p><a href=\"http:\/\/www.poradnia.ugu.pl\/aktualnosci\/sucide.pdf\" target=\"_blank\" rel=\"noreferrer noopener\"><strong><em>Co warto wiedzie\u0107, &#8230;.<\/em><\/strong><\/a><\/p>\n\n\n\n<p><strong><em><a rel=\"noreferrer noopener\" href=\"http:\/\/www.poradnia.ugu.pl\/pomoc\/lewo.pdf\" target=\"_blank\">Kilka s\u0142\u00f3w o lewor\u0119czno\u015bci<\/a><\/em><\/strong><\/p>\n\n\n\n<p><strong><a rel=\"noreferrer noopener\" href=\"http:\/\/www.poradnia.ugu.pl\/pomoc\/zaginione.pdf\" target=\"_blank\">Co zrobi\u0107, gdy dojdzie do zagini\u0119cia dziecka?<\/a><\/strong><\/p>\n\n\n\n<p><em><strong><a rel=\"noreferrer noopener\" href=\"http:\/\/www.poradnia.ugu.pl\/pomoc\/przesluchowe.pdf\" target=\"_blank\">Cen<\/a><\/strong><\/em><strong><em><a rel=\"noreferrer noopener\" href=\"http:\/\/www.poradnia.ugu.pl\/pomoc\/przesluchowe.pdf\" target=\"_blank\">tralne zaburzenia przetwarzania s\u0142uchowego<\/a><\/em><\/strong><\/p>\n\n\n\n<p><strong><em><a rel=\"noreferrer noopener\" href=\"http:\/\/www.poradnia.ugu.pl\/pomoc\/jakanie.pdf\" target=\"_blank\">J\u0105kanie rozwojowe<\/a><\/em><\/strong><\/p>\n\n\n\n<p><strong><em><a rel=\"noreferrer noopener\" href=\"http:\/\/www.poradnia.ugu.pl\/pomoc\/naukajezyka.pdf\" target=\"_blank\">Jak skutecznie uczy\u0107 si\u0119 j\u0119zyka obcego<\/a><\/em><\/strong><\/p>\n\n\n\n<p><strong><em><a rel=\"noreferrer noopener\" href=\"http:\/\/www.poradnia.ugu.pl\/pomoc\/trzylatekpotrafi.pdf\" target=\"_blank\">Trzylatek potrafi<\/a><\/em><\/strong><\/p>\n\n\n\n<p><strong><em><a rel=\"noreferrer noopener\" href=\"http:\/\/www.poradnia.ugu.pl\/pomoc\/rysunki.pdf\" target=\"_blank\">Jak rozumie\u0107 rysunki ma\u0142ego dziecka.<\/a><\/em><\/strong><\/p>\n\n\n\n<p><strong><em><a rel=\"noreferrer noopener\" href=\"http:\/\/www.poradnia.ugu.pl\/pomoc\/mrr.pdf\" target=\"_blank\">Metoda Ruchu Rozwijaj\u0105cego &#8211; od wyobra\u017cenia do do\u015bwiadczenia.<\/a><\/em><\/strong><\/p>\n\n\n\n<p><strong><em><a rel=\"noreferrer noopener\" href=\"http:\/\/www.poradnia.ugu.pl\/pomoc\/mds.pdf\" target=\"_blank\">Metoda Dobrego Startu w praktyce<\/a><\/em><\/strong><\/p>\n\n\n\n<p><strong><em><a rel=\"noreferrer noopener\" href=\"http:\/\/www.poradnia.ugu.pl\/pomoc\/drzemka.pdf\" target=\"_blank\">Drzemka &#8211; dobra czy z\u0142a ?<\/a><\/em><\/strong><\/p>\n\n\n\n<p><strong><em><a rel=\"noreferrer noopener\" href=\"http:\/\/www.poradnia.ugu.pl\/pomoc\/nadzieja.pdf\" target=\"_blank\">Po co komu nadzieja&nbsp;?<\/a><\/em><\/strong><\/p>\n\n\n\n<p><strong><em><a rel=\"noreferrer noopener\" href=\"http:\/\/www.poradnia.ugu.pl\/pomoc\/sen.pdf\" target=\"_blank\">Gdy sen nie chce przyj\u015b\u0107?&nbsp;<\/a><\/em><\/strong><\/p>\n\n\n\n<p><strong><em><a rel=\"noreferrer noopener\" href=\"http:\/\/www.poradnia.ugu.pl\/pomoc\/adhd.pdf\" target=\"_blank\">ADHD<\/a><\/em><\/strong><\/p>\n\n\n\n<p><strong><em><a rel=\"noreferrer noopener\" aria-label=\"CO POWINNO ZANIEPOKOI\u0106 RODZICA- wskaz\u00f3wki do skierowania dziecka na diagnoz\u0119 secjalistyczn\u0105 (otwiera si\u0119 na nowej zak\u0142adce)\" href=\"http:\/\/www.poradnia.ugu.pl\/pomoc\/copowinno.pdf\" target=\"_blank\">CO POWINNO ZANIEPOKOI\u0106 RODZICA- wskaz\u00f3wki do skierowania dziecka na diagnoz\u0119 secjalistyczn\u0105<\/a><\/em><\/strong><\/p>\n\n\n\n<p><strong><em><a rel=\"noreferrer noopener\" aria-label=\"&nbsp;Wp\u0142yw zaburze\u0144 funkcji percepcyjno-motorycznych na proces nauki czytania.&nbsp; (otwiera si\u0119 na nowej zak\u0142adce)\" href=\"http:\/\/www.poradnia.ugu.pl\/pomoc\/czytanie.pdf\" target=\"_blank\">&nbsp;<\/a><a rel=\"noreferrer noopener\" aria-label=\"Wp\u0142yw zaburze\u0144 funkcji percepcyjno-motorycznych na proces nauki czytania.&nbsp; (otwiera si\u0119 na nowej zak\u0142adce)\" href=\"http:\/\/www.poradnia.ugu.pl\/pomoc\/CZYTANIE.pdf\" target=\"_blank\">Wp\u0142yw zaburze\u0144 funkcji percepcyjno-motorycznych na proces nauki czytania.&nbsp;<\/a><\/em><\/strong><\/p>\n\n\n\n<p><a rel=\"noreferrer noopener\" href=\"http:\/\/www.poradnia.ugu.pl\/aktualnosci\/rozwoj_4_lata.pdf\" target=\"_blank\"><strong><em>Rozw\u00f3j i wspomaganie rozwoju dziecka w 4 roku \u017cycia<\/em><\/strong><\/a><\/p>\n\n\n\n<p><strong><em><a rel=\"noreferrer noopener\" aria-label=\"Afazja u dzieci - czym jest ? (otwiera si\u0119 na nowej zak\u0142adce)\" href=\"http:\/\/www.poradnia.ugu.pl\/pomoc\/afazja.pdf\" target=\"_blank\">Afazja u dzieci &#8211; czym jest ?<\/a><\/em><\/strong><\/p>\n\n\n\n<p><strong><em><a href=\"http:\/\/www.poradnia.ugu.pl\/pomoc\/optymizm.pdf\" target=\"_blank\" rel=\"noreferrer noopener\" aria-label=\"Jak nauczy\u0107 dziecko optymizmu (otwiera si\u0119 na nowej zak\u0142adce)\">Jak nauczy\u0107 dziecko optymizmu<\/a><\/em><\/strong><\/p>\n\n\n\n<p><strong><em><a rel=\"noreferrer noopener\" aria-label=\"Czym zaj\u0105c dziecko w domu (otwiera si\u0119 na nowej zak\u0142adce)\" href=\"http:\/\/www.poradnia.ugu.pl\/pomoc\/czymzajac.pdf\" target=\"_blank\">Czym zaj\u0105\u0107 dziecko w domu<\/a><\/em><\/strong><\/p>\n\n\n\n<p><strong><em><a href=\"http:\/\/www.poradnia.ugu.pl\/pomoc\/rzadkiezespolygenetyczne.pdf\" target=\"_blank\" rel=\"noreferrer noopener\" aria-label=\"Rzadkie zespo\u0142y genetyczne (otwiera si\u0119 na nowej zak\u0142adce)\">Rzadkie zespo\u0142y genetyczne<\/a><\/em><\/strong><\/p>\n","protected":false},"excerpt":{"rendered":"<p>Co warto wiedzie\u0107, &#8230;. Kilka s\u0142\u00f3w o lewor\u0119czno\u015bci Co zrobi\u0107, gdy dojdzie do zagini\u0119cia dziecka? Centralne zaburzenia przetwarzania s\u0142uchowego J\u0105kanie rozwojowe Jak skutecznie uczy\u0107 si\u0119 j\u0119zyka obcego Trzylatek potrafi Jak rozumie\u0107 rysunki ma\u0142ego dziecka. Metoda Ruchu Rozwijaj\u0105cego &#8211; od wyobra\u017cenia do do\u015bwiadczenia. Metoda Dobrego Startu w praktyce Drzemka &#8211; dobra [&hellip;]<\/p>\n","protected":false},"author":1,"featured_media":0,"parent":0,"menu_order":0,"comment_status":"closed","ping_status":"closed","template":"","meta":{"_monsterinsights_skip_tracking":false,"_monsterinsights_sitenote_active":false,"_monsterinsights_sitenote_note":"","_monsterinsights_sitenote_category":0,"_themeisle_gutenberg_block_has_review":false,"footnotes":""},"class_list":["post-660","page","type-page","status-publish","hentry"],"_links":{"self":[{"href":"https:\/\/poradniaplock2.pl\/index.php?rest_route=\/wp\/v2\/pages\/660","targetHints":{"allow":["GET"]}}],"collection":[{"href":"https:\/\/poradniaplock2.pl\/index.php?rest_route=\/wp\/v2\/pages"}],"about":[{"href":"https:\/\/poradniaplock2.pl\/index.php?rest_route=\/wp\/v2\/types\/page"}],"author":[{"embeddable":true,"href":"https:\/\/poradniaplock2.pl\/index.php?rest_route=\/wp\/v2\/users\/1"}],"replies":[{"embeddable":true,"href":"https:\/\/poradniaplock2.pl\/index.php?rest_route=%2Fwp%2Fv2%2Fcomments&post=660"}],"version-history":[{"count":26,"href":"https:\/\/poradniaplock2.pl\/index.php?rest_route=\/wp\/v2\/pages\/660\/revisions"}],"predecessor-version":[{"id":1188,"href":"https:\/\/poradniaplock2.pl\/index.php?rest_route=\/wp\/v2\/pages\/660\/revisions\/1188"}],"wp:attachment":[{"href":"https:\/\/poradniaplock2.pl\/index.php?rest_route=%2Fwp%2Fv2%2Fmedia&parent=660"}],"curies":[{"name":"wp","href":"https:\/\/api.w.org\/{rel}","templated":true}]}}