{"id":767,"date":"2020-03-30T20:07:57","date_gmt":"2020-03-30T18:07:57","guid":{"rendered":"http:\/\/poradniaplock2.pl\/?page_id=767"},"modified":"2020-05-19T21:42:48","modified_gmt":"2020-05-19T19:42:48","slug":"wsparcie-pedagogiczne-wiek-mlodszy-szkolny","status":"publish","type":"page","link":"https:\/\/poradniaplock2.pl\/?page_id=767","title":{"rendered":"Wsparcie pedagogiczne (m\u0142odszy wiek szkolny)"},"content":{"rendered":"\n<div class=\"wp-block-group\"><div class=\"wp-block-group__inner-container is-layout-flow wp-block-group-is-layout-flow\">\n<p><strong><em><a href=\"https:\/\/poradniaplock2.pl\/?page_id=1056\">\u0106wiczenia wspomagaj\u0105ce nauk\u0119 czytania i pisania<\/a><\/em><\/strong><\/p>\n\n\n\n<p><strong><em><a rel=\"noreferrer noopener\" href=\"http:\/\/www.poradnia.ugu.pl\/pomoc\/zabawymozg.pdf\" target=\"_blank\">Zabawy i \u0107wiczenia ruchowe. Gimnastyka m\u00f3zgu<\/a><\/em><\/strong><\/p>\n\n\n\n<p><strong><em><a rel=\"noreferrer noopener\" href=\"http:\/\/www.poradnia.ugu.pl\/pomoc\/emocjonalnej.pdf\" target=\"_blank\">\u0106wiczenia. w zakresie rozwoju sfery emocjonalnej<\/a><\/em><\/strong><\/p>\n\n\n\n<p><strong><strong><em><a rel=\"noreferrer noopener\" href=\"http:\/\/www.poradnia.ugu.pl\/pomoc\/zabawypoznawcze.pdf\" target=\"_blank\">\u0106wiczenia w zakresie rozwoju sfery poznawczej<\/a><\/em><\/strong><\/strong><\/p>\n<\/div><\/div>\n\n\n\n<p><strong><em><a rel=\"noreferrer noopener\" href=\"http:\/\/www.poradnia.ugu.pl\/pomoc\/cwiczeniarozwijajace.pdf\" target=\"_blank\">\u0106wiczenia rozwijaj\u0105ce p\u0142ynno\u015b\u0107&nbsp;s\u0142own\u0105 u dzieci<\/a><\/em><\/strong><\/p>\n\n\n\n<p><strong><em><a rel=\"noreferrer noopener\" aria-label=\"\u015aniadanie Kubusia Puchatka (otwiera si\u0119 na nowej zak\u0142adce)\" href=\"http:\/\/www.poradnia.ugu.pl\/pomoc\/kubus.pdf\" target=\"_blank\">\u015aniadanie Kubusia Puchatka<\/a><\/em><\/strong><\/p>\n","protected":false},"excerpt":{"rendered":"<p>\u0106wiczenia wspomagaj\u0105ce nauk\u0119 czytania i pisania Zabawy i \u0107wiczenia ruchowe. Gimnastyka m\u00f3zgu \u0106wiczenia. w zakresie rozwoju sfery emocjonalnej \u0106wiczenia w zakresie rozwoju sfery poznawczej \u0106wiczenia rozwijaj\u0105ce p\u0142ynno\u015b\u0107&nbsp;s\u0142own\u0105 u dzieci \u015aniadanie Kubusia Puchatka<\/p>\n","protected":false},"author":1,"featured_media":0,"parent":0,"menu_order":0,"comment_status":"closed","ping_status":"closed","template":"","meta":{"_monsterinsights_skip_tracking":false,"_monsterinsights_sitenote_active":false,"_monsterinsights_sitenote_note":"","_monsterinsights_sitenote_category":0,"_themeisle_gutenberg_block_has_review":false,"footnotes":""},"class_list":["post-767","page","type-page","status-publish","hentry"],"_links":{"self":[{"href":"https:\/\/poradniaplock2.pl\/index.php?rest_route=\/wp\/v2\/pages\/767","targetHints":{"allow":["GET"]}}],"collection":[{"href":"https:\/\/poradniaplock2.pl\/index.php?rest_route=\/wp\/v2\/pages"}],"about":[{"href":"https:\/\/poradniaplock2.pl\/index.php?rest_route=\/wp\/v2\/types\/page"}],"author":[{"embeddable":true,"href":"https:\/\/poradniaplock2.pl\/index.php?rest_route=\/wp\/v2\/users\/1"}],"replies":[{"embeddable":true,"href":"https:\/\/poradniaplock2.pl\/index.php?rest_route=%2Fwp%2Fv2%2Fcomments&post=767"}],"version-history":[{"count":15,"href":"https:\/\/poradniaplock2.pl\/index.php?rest_route=\/wp\/v2\/pages\/767\/revisions"}],"predecessor-version":[{"id":1100,"href":"https:\/\/poradniaplock2.pl\/index.php?rest_route=\/wp\/v2\/pages\/767\/revisions\/1100"}],"wp:attachment":[{"href":"https:\/\/poradniaplock2.pl\/index.php?rest_route=%2Fwp%2Fv2%2Fmedia&parent=767"}],"curies":[{"name":"wp","href":"https:\/\/api.w.org\/{rel}","templated":true}]}}